ppose -l + w*r + 1765 = -4079, -3*l + 17545 = 4*r. Is l a composite number?
True
Let i = 140253 + -57206. Is i prime?
True
Suppose 2 = -2*g + 3*g, -35 = l + g. Let s(i) = -i**2 - 81*i + 21. Is s(l) a prime number?
False
Suppose d - 8*t + 11 = -3*t, 2*t = -d + 10. Suppose 3*c + d*i = 519, -4*c - 3*i = i - 688. Is c composite?
True
Let b(y) = 125*y**2 - 81*y + 359. Is b(-67) composite?
False
Let t = 77757 + 31972. Is t a composite number?
True
Suppose 14*n = 3*n + 22. Suppose 4*t - 2*s = -3*s + 4, t + n = -s. Suppose -t*w - 9312 - 1751 = -3*j, 3*j + 3*w - 11088 = 0. Is j a prime number?
True
Let n be 4/8 + 13/2. Let l be (4 - -3) + -4 - n. Is ((-1114)/l)/((-8)/(-16)) a prime number?
True
Let f(c) = 244*c**2 + 364*c + 91. Is f(-21) composite?
True
Suppose -723 + 20393 = 5*k. Is (-16 + 14)/((-4)/k)*1 prime?
False
Suppose 54644 - 454611 = -5*l - 2*w, 159991 = 2*l + 5*w. Is l composite?
True
Let i = 165 - 169. Is 13745*(-1 + (-40)/(-25)) - i prime?
False
Let p = 46 - 45. Let k be 3*p/2*(6 + -4). Suppose 25 = -5*m, -k*h + 0*m + m + 2528 = 0. Is h a prime number?
False
Is (-4)/(-2)*14561 - (11 - 19 - -11) composite?
True
Suppose 0 = 4*f + 4*c - 135224, 32*f - 33*f = 5*c - 33810. Is f prime?
False
Let w(s) = 3334*s**2 - s - 5. Let y be w(-2). Suppose -y - 1896 = -4*r - 3*f, 5*r + f = 19028. Suppose 5*p = -2 - 3, -3*k + 4*p = -r. Is k a prime number?
False
Suppose -5*d + 6907 = f + 939, 12026 = 2*f - 5*d. Is f prime?
False
Let w(a) = 637*a**2 - 58*a + 413. Is w(20) a composite number?
False
Let i(b) = -4*b**2 - 7*b + 6. Let c(w) = 3*w**2 + 6*w - 5. Let u(q) = -6*c(q) - 5*i(q). Let t be u(-2). Let d(k) = k**2 + 4*k + 5. Is d(t) a composite number?
True
Let c(a) = 2688*a**2 - 5*a + 17. Is c(-4) a composite number?
True
Let i = 470449 + -206658. Is i prime?
False
Let a(n) = 2*n**2 - 17*n - 65. Let c be (-5 + 1)/(-4 + 81/21). Is a(c) prime?
False
Let t be 3 - 1*(-3)/(3 - 0). Suppose -3*p + 967 = 2*l - 100, -t*p - 20 = 0. Is l a prime number?
True
Suppose 14 = 17*m - 10*m. Let s(l) = 5872*l + 39. Is s(m) a composite number?
False
Let w(v) = -v**3 - 3*v**2 + 8*v + 19. Let k be (-4)/12*3*(18 + -1). Let i = 10 + k. Is w(i) prime?
False
Let b(j) = 108*j**2 + 69*j + 397. Is b(-44) composite?
True
Is ((-3711120)/(-21) - -21)*1 prime?
True
Suppose -4*j + 183210 = -2*m - 473058, 5*j + m - 820363 = 0. Is j a prime number?
True
Suppose -393026 = -2*g + 43*g. Let l = g - -25601. Is l a prime number?
False
Suppose 2*c = 3*m - 9, -6*c + 9 = 3*m - 4*c. Suppose 0 = m*h - 8149 - 8840. Is h composite?
True
Let y = 2218967 - 777468. Is y a prime number?
False
Suppose -4*n = -16838 + 5286. Let v = n + -727. Is v prime?
True
Let z(b) = 5*b + 107. Let x be z(-21). Suppose -37773 = -x*a + 5*n, 4*n = 5*a + 6*n - 94505. Is a prime?
True
Suppose 0 = 2*j, -3*a + 6 + 9 = 3*j. Let g(r) = -4*r**2 + 17*r. Let o be g(a). Let i(s) = -10*s - 31. Is i(o) a prime number?
False
Let w(k) = 91*k**3 + 2*k**2 + 255*k + 81. Is w(17) prime?
True
Let y be (-9 + 2316/(-28))/((-9)/42). Let v = 2719 - y. Is v a composite number?
True
Let g be -12 + 14 + (2 - 2)/1. Suppose 0 = -4*n + 2*m + 18319 + 2201, 4*n - 20512 = -g*m. Is n composite?
True
Let o(z) be the second derivative of 737*z**3/6 + 82*z**2 - 316*z. Is o(21) a composite number?
False
Let s = 23931 + 10612. Is s a composite number?
False
Suppose 2362*i + 627019 = 2381*i. Is i prime?
False
Suppose -5*t + n = 370, 0 = t + 2*t + 3*n + 204. Let g = t + 73. Suppose y + g*y = 673. Is y a composite number?
False
Suppose 0 = 2*v + 3*o + 2321, -3*o + 4597 = -v - 3*v. Let a = -578 - v. Let u = 1390 - a. Is u a composite number?
True
Is (-125 - -7)/((-10)/2335) composite?
True
Let n(q) = -q + 6493. Let o(p) = 2*p - 12988. Let g(w) = 7*n(w) + 3*o(w). Is g(0) prime?
False
Suppose 3*z + 2*z - 15 = 0. Suppose 4*t - 2*t - 2*q = -8992, 4*q = -z*t - 13509. Let m = -3138 - t. Is m composite?
False
Suppose -20789 = 8*w - 96733. Is w composite?
True
Is ((-1)/3*(10 - 6))/((-24)/4433202) a prime number?
True
Let t(k) = -573*k**2 + 19*k - 9. Let p be t(3). Let q(h) = -670*h + 6. Let b be q(4). Let y = b - p. Is y a composite number?
True
Suppose -305*x + 300*x + 3*b + 857471 = 0, 4*x - 5*b = 685956. Is x a composite number?
True
Let y be 5/15 + 40/15. Suppose 0 = -4*u - y*l + 8316 - 484, -3*u + 2*l = -5891. Is u a prime number?
False
Let j = -382 + 383. Let n = j + 122. Is n prime?
False
Let p(k) = 9852*k + 13. Let y = 174 - 169. Is p(y) prime?
False
Let y = -829521 + 1372678. Is y a prime number?
True
Suppose 21285 = 10*q - 13*q. Let i = q - -13613. Is i a composite number?
True
Is ((-22 - -613) + 0)/(9/339) prime?
False
Suppose -44*y - 261116 = -95*y + 47*y. Is y a prime number?
False
Let v = 7151 + -2180. Let d = v - 3397. Is d composite?
True
Let o = 300 + 103. Let p = o - 132. Suppose t - p - 736 = 0. Is t prime?
False
Let t be ((-6491)/5)/((-9)/18)*-5. Let d be t/(-6) + 3/9. Suppose -4*l + d = -0*l. Is l a prime number?
True
Suppose 5*g - 7*g - 24 = 0. Is (-82)/4*(1281 + -9)/g a composite number?
True
Let c = -14 + 17. Suppose -23 - 103 = -c*s. Let f = 109 - s. Is f prime?
True
Let r = 864 + -874. Let q(w) = 10*w - 1. Let n be q(-2). Let b = r - n. Is b a composite number?
False
Suppose 4 = 2*y - b + 3, 4*b = -4. Suppose -3*t + 241 = -3*x + 10, y = t - 5*x - 69. Suppose 87 = 2*n - t. Is n a composite number?
False
Suppose 26*l = 31 + 21. Suppose 4163 = l*f - 3563. Is f a prime number?
True
Let i = -95 - -100. Suppose 2*q - q = -2*h + 5, h + 25 = i*q. Suppose -5*g + v = -2*g - 902, 2*g + q*v = 573. Is g a composite number?
True
Let k = -115 - -130. Suppose -91576 = -k*r + 245459. Is r a composite number?
False
Is 692187*(5/45 + 17/((-918)/(-12))) a prime number?
True
Let s be (4/(-6))/(2/(-9)). Let c(d) = 3 - 13*d**2 + 20 - 3*d**s - 4*d + 13*d. Is c(-14) a prime number?
True
Suppose 0 = 27*l + 6*l + 21*l - 8543124. Is l prime?
False
Let f = 102 + -103. Is (1 - f)/8 + (-144034)/(-88) a prime number?
True
Suppose 0 = -2*o - 7*o + 13 - 40. Let i(l) = 1 + 2*l - 22*l**3 - 2*l**2 + 13*l**3 - 21*l**3. Is i(o) a prime number?
True
Let p = -112 + 114. Suppose 0 = -4*n - 8, p*g = 2*n - 6697 + 17309. Suppose -2*a - 4*x = -1034 - g, 4*a - 12646 = 2*x. Is a a composite number?
False
Let f be (-2)/(4/(-6)*15/(-20)). Is (4 + -1078 + -5)/(f + 3) composite?
True
Is ((-735)/(-14))/21 - (0 - (-1536579)/(-6)) composite?
True
Let x = 292 + -300. Let u(v) be the third derivative of 7*v**5/20 - v**4/4 - 31*v**3/6 - v**2. Is u(x) prime?
True
Let f = 53 + -50. Suppose 5*c = a - 10, -f*c + 0 = 3. Let i = 2 + a. Is i a prime number?
True
Suppose -119*a + 50 = -109*a. Let q(f) = -98*f**2 - 17*f + 42. Let p(l) = 49*l**2 + 8*l - 21. Let s(y) = -5*p(y) - 3*q(y). Is s(a) composite?
False
Suppose 142*p = 16377191 + 13008573. Is p prime?
False
Let h = 0 + -4. Let w be 6 - (1 - 8/h). Suppose -w*a + 124 = -617. Is a a composite number?
True
Let b = 130 - 126. Suppose -b*g - 286 = -6522. Is g a prime number?
True
Let k = -27 - -25. Is -2 - (6521 - k)/(-1) a composite number?
False
Suppose -2*v = 3*v - 4*w - 85, 6 = 2*v + 4*w. Let l(s) = -1 - 309*s**2 + 2*s + 310*s**2 - v. Is l(18) composite?
True
Let l = -19 - -18. Let j be ((-7161)/(-28) - 6)/(l/(-20)). Suppose 4*s = 5*h + j, 4*s = -2*h - 144 + 5174. Is s a prime number?
False
Is 640272 + -53 + 3 + 6 + -2 a composite number?
True
Suppose -4*i + t + 0*t = -60219, -3*t = 21. Is i a prime number?
True
Suppose -4140484 = -4*b - 5*x, -14*b - 4140540 = -18*b + 2*x. Is b a composite number?
False
Let n(v) = -24*v - 188. Let s be n(-6). Is -1 + (-52)/s - (-90891)/11 a composite number?
False
Let l(a) = 0*a**3 - 8 + 2*a**3 + 4*a - 7*a**2 + 11*a**2. Let o be l(-4). Let k = 121 - o. Is k prime?
False
Let y be 0 - ((-417884)/18 + (-56)/252). Suppose 0 = 4*h - 4*d - y, -2*h - 4*d = h - 17447. Is h a composite number?
True
Let b = 23765 - -2838. Is b prime?
False
Suppose -2*x + 6*x - 3*a = 128393, 2*x = -9*a + 64123. Is x a prime number?
False
Suppose -10*g + 32452 = -6528. Is g prime?
False
Let i(a) = 7*a**3 - a**2 - 12*a + 1. Let r(b) = -15*b**3 + 2*b**2 + 24*b - 2. Let u(m) = 13*i(m) + 6*r(m). Let f = 4 - -5. Is u(f) a composite number?
False
Is 49209*5 - ((-164)/42 + 54/(-567)) composite?
False
Let u be (95/(-57))/((-3)/18). Suppose -u*j = -8*j - 14538. 